03
What are the prime factors of 12549897?
3, 154937
List the prime factors of 10042730.
2, 5, 1004273
What are the prime factors of 2460219?
3, 820073
What are the prime factors of 113972?
2, 28493
List the prime factors of 1114691.
251, 4441
What are the prime factors of 22014100?
2, 5, 220141
List the prime factors of 18069738.
2, 3, 271, 11113
List the prime factors of 3931571.
7, 457, 1229
List the prime factors of 1163957.
31, 37547
What are the prime factors of 45594?
2, 3, 17, 149
List the prime factors of 91513.
91513
What are the prime factors of 10056006?
2, 3, 421, 1327
What are the prime factors of 132507?
3, 14723
List the prime factors of 852173.
7, 23, 67, 79
What are the prime factors of 10684908?
2, 3, 13, 17, 79
What are the prime factors of 19315469?
23, 41, 20483
List the prime factors of 52274.
2, 59, 443
List the prime factors of 10861316.
2, 2715329
What are the prime factors of 43072?
2, 673
What are the prime factors of 2111642?
2, 13, 241, 337
What are the prime factors of 4997104?
2, 7, 44617
What are the prime factors of 32078755?
5, 73, 87887
What are the prime factors of 836391?
3, 83, 3359
List the prime factors of 96836.
2, 43, 563
List the prime factors of 19252226.
2, 7, 1375159
What are the prime factors of 786964?
2, 17, 71, 163
List the prime factors of 6237784.
2, 7, 23, 29, 167
List the prime factors of 219448.
2, 27431
List the prime factors of 1022414.
2, 17, 30071
List the prime factors of 589471.
589471
List the prime factors of 1040949.
3, 7, 13, 31, 41
List the prime factors of 29226476.
2, 59, 2099
What are the prime factors of 461699?
7, 65957
What are the prime factors of 2477312?
2, 9677
List the prime factors of 40537.
7, 5791
List the prime factors of 1690614.
2, 3, 93923
What are the prime factors of 616809?
3, 205603
What are the prime factors of 4541467?
7, 92683
What are the prime factors of 508811?
508811
What are the prime factors of 10488357?
3, 11, 105943
List the prime factors of 899504.
2, 17, 3307
What are the prime factors of 121510?
2, 5, 29, 419
List the prime factors of 487691.
487691
What are the prime factors of 514853?
514853
List the prime factors of 3270817.
11, 17, 17491
What are the prime factors of 557579?
11, 173, 293
What are the prime factors of 1425195?
3, 5, 17, 23
List the prime factors of 6769412.
2, 13, 29, 67
List the prime factors of 60188.
2, 41, 367
List the prime factors of 247512.
2, 3, 10313
List the prime factors of 261388.
2, 101, 647
List the prime factors of 11030145.
3, 5, 7, 43, 349
What are the prime factors of 1131606?
2, 3, 7, 1283
List the prime factors of 4285781.
31, 138251
List the prime factors of 6853227.
3, 17, 83, 1619
What are the prime factors of 75341?
7, 47, 229
List the prime factors of 29560.
2, 5, 739
What are the prime factors of 38248483?
7, 13, 420313
List the prime factors of 8210212.
2, 2052553
List the prime factors of 7246865.
5, 109, 13297
What are the prime factors of 7006413?
3, 887, 2633
List the prime factors of 572654.
2, 23, 59, 211
What are the prime factors of 19613768?
2, 2451721
What are the prime factors of 16251?
3, 5417
What are the prime factors of 38657?
29, 31, 43
What are the prime factors of 172843?
11, 19, 827
What are the prime factors of 10175396?
2, 7, 11, 33037
List the prime factors of 1060309.
37, 28657
List the prime factors of 8365259.
7, 1195037
What are the prime factors of 12665768?
2, 89, 17789
What are the prime factors of 74379?
3, 24793
What are the prime factors of 32008259?
32008259
What are the prime factors of 13420?
2, 5, 11, 61
List the prime factors of 9743774.
2, 61, 79867
List the prime factors of 94193.
11, 8563
What are the prime factors of 3673454?
2, 1836727
What are the prime factors of 12904310?
2, 5, 1290431
List the prime factors of 781094.
2, 109, 3583
List the prime factors of 413027.
413027
What are the prime factors of 614927?
614927
What are the prime factors of 15675562?
2, 7, 223, 5021
List the prime factors of 4619123.
4619123
List the prime factors of 39835.
5, 31, 257
List the prime factors of 40857543.
3, 19, 337, 709
List the prime factors of 945161.
7, 19289
What are the prime factors of 146246?
2, 83, 881
What are the prime factors of 27217310?
2, 5, 19, 143249
List the prime factors of 394328.
2, 11, 4481
What are the prime factors of 6549984?
2, 3, 7, 19
What are the prime factors of 166786?
2, 89, 937
What are the prime factors of 13578229?
7, 53, 36599
What are the prime factors of 374911?
83, 4517
List the prime factors of 6457234.
2, 7, 83, 5557
List the prime factors of 3335555.
5, 41, 53, 307
List the prime factors of 992827.
11, 43, 2099
What are the prime factors of 12134658?
2, 3, 751, 2693
List the prime factors of 278256.
2, 3, 11, 17, 31
What are the prime factors of 12686797?
211, 60127
List the prime factors of 315263.
13, 24251
What are the prime factors of 568028?
2, 142007
What are the prime factors of 1850953?
13, 142381
List the prime factors of 14481457.
89, 162713
List the prime factors of 1040816.
2, 7, 9293
What are the prime factors of 474698?
2, 7, 41, 827
List the prime factors of 5666686.
2, 2833343
What are the prime factors of 535601?
11, 23, 29, 73
What are the prime factors of 4450738?
2, 409, 5441
List the prime factors of 4867327.
4867327
What are the prime factors of 100649?
100649
What are the prime factors of 25146?
2, 3, 11, 127
List the prime factors of 2091809.
2091809
List the prime factors of 571535.
5, 151, 757
What are the prime factors of 347924?
2, 86981
What are the prime factors of 5808647?
13, 446819
What are the prime factors of 1465926?
2, 3, 7, 11, 19, 167
List the prime factors of 39408.
2, 3, 821
What are the prime factors of 169590?
2, 3, 5, 5653
List the prime factors of 94167.
3, 10463
What are the prime factors of 4004807?
4004807
What are the prime factors of 1410710?
2, 5, 7, 2879
List the prime factors of 201004.
2, 31, 1621
List the prime factors of 2053758.
2, 3, 7, 107, 457
List the prime factors of 8631746.
2, 4315873
What are the prime factors of 9052222?
2, 4526111
What are the prime factors of 269027?
11, 37, 661
What are the prime factors of 2876189?
113, 25453
List the prime factors of 5253701.
887, 5923
What are the prime factors of 3766874?
2, 67, 28111
What are the prime factors of 5079?
3, 1693
List the prime factors of 22271277.
3, 7, 409, 2593
What are the prime factors of 141568?
2, 7, 79
What are the prime factors of 1318698?
2, 3, 61, 1201
List the prime factors of 1166488.
2, 139, 1049
List the prime factors of 30206969.
13, 2323613
What are the prime factors of 7320111?
3, 19, 167, 769
What are the prime factors of 14206388?
2, 7, 507371
What are the prime factors of 104368?
2, 11, 593
List the prime factors of 6739045.
5, 709, 1901
What are the prime factors of 55994?
2, 27997
What are the prime factors of 3386578?
2, 13, 130253
What are the prime factors of 29131444?
2, 31, 234931
What are the prime factors of 1599794?
2, 7, 229, 499
What are the prime factors of 26258751?
3, 2917639
What are the prime factors of 16570334?
2, 11, 753197
List the prime factors of 1617492.
2, 3, 37, 3643
What are the prime factors of 327573?
3, 17, 2141
What are the prime factors of 1485826?
2, 742913
List the prime factors of 676101.
3, 37, 6091
What are the prime factors of 8728641?
3, 107761
What are the prime factors of 113858?
2, 56929
What are the prime factors of 147513?
3, 49171
What are the prime factors of 1345821?
3, 448607
What are the prime factors of 7021134?
2, 3, 130021
What are the prime factors of 150454?
2, 75227
List the prime factors of 2559001.
463, 5527
What are the prime factors of 1775373?
3, 591791
What are the prime factors of 195672?
2, 3, 31, 263
List the prime factors of 22868491.
73, 313267
What are the prime factors of 5163469?
5163469
What are the prime factors of 5996467?
199, 30133
List the prime factors of 1812500.
2, 5, 29
What are the prime factors of 3520088?
2, 11, 13, 17, 181
List the prime factors of 446235.
3, 5, 71, 419
What are the prime factors of 2237181?
3, 745727
List the prime factors of 289317.
3, 7, 23, 599
List the prime factors of 177323.
177323
What are the prime factors of 174329?
174329
List the prime factors of 88684.
2, 22171
What ar